{"id":1523,"date":"2024-02-25T23:21:30","date_gmt":"2024-02-25T22:21:30","guid":{"rendered":"http:\/\/gemeinde5.niederneisen.de\/?page_id=1523"},"modified":"2025-03-19T16:23:36","modified_gmt":"2025-03-19T15:23:36","slug":"vereine","status":"publish","type":"page","link":"https:\/\/niederneisen.de\/index.php\/vereine\/","title":{"rendered":"Vereine"},"content":{"rendered":"<p>Wie sagte einst schon Friedrich Schiller?\u00a0<strong>\u00bbGesang und Liebe in sch\u00f6nem Verein. Sie erhalten dem Leben den Jugendschein.\u00ab<\/strong><\/p>\n<p>Selbstverst\u00e4ndlich verf\u00fcgt auch die Ortsgemeinde Niederneisen \u00fcber ein reichhaltiges Angebot an\u00a0<em>sch\u00f6nen<\/em>\u00a0Vereinen sowie dar\u00fcber hinaus ein geselliges Vereinsleben.<\/p>\n<p>Von der Turn- und Sportgemeinde, dem F\u00f6rderverein der Freiwilligen Feuerwehr, dem M\u00e4nnergesangsvereinen mit seinen zwei Ch\u00f6ren, einem Reit- und Fahrverein, \u00fcber den Obst-, Gartenbau- und Heimatfreundeverein bis hin zu politischen Organisationen (Ortsverb\u00e4nden), dem Verein Jugend Niederneisen and friends und noch vielem mehr bietet die\u00a0<em>Perle des unteren Aartals<\/em>\u00a0ein vielf\u00e4ltiges und breitgef\u00e4chertes Spektrum f\u00fcr ein Leben in der Gemeinschaft und f\u00fcr die Gemeinschaft!<\/p>\n<p>Nachfolgend eine \u00dcbersicht der Vereine des Ortes Niederneisen mit den Kontaktdaten beziehungsweise Namen der jeweiligen Vorsitzenden und\/oder Ansprechpartner in alphabetischer Reihenfolge.<\/p>\n<p><u>Eingetragene Vereine<\/u><\/p>\n<h3><strong>Freunde historischer Maschinen und Traktoren Nassauer Land<\/strong><\/h3>\n<p>Der 1996 gegr\u00fcndete Verein organisiert selbst Brauchtumsveranstaltungen in Niederneisen und nimmt aktiv an vielen Veranstaltungen anderer Vereine mit Vorf\u00fchrungen teil. Dabei stehen Traktoren, Trecker und landwirtschaftliche Ger\u00e4tschaften, mit denen die Landm\u00e4nner noch vor 50, 60 Jahren auf die Felder gezogen sind, im Mittelpunkt. Die Traktorfreunde bieten Einblicke in alte Handwerkskunst und landwirtschaftliches Arbeiten fr\u00fcherer Jahrzehnte.<\/p>\n<p>Vorsitzender: Volker Obel<br \/>\nMail:\u00a0<span id=\"cloakd47d57d331c01903f92b0f460358beed\"><a href=\"mailto:volker.obel@t-online.de\">volker.obel@t-online.de<\/a><\/span><br \/>\nTel.: 06432-507283<br \/>\nMobil: 0171 308034<\/p>\n<h3><strong>F\u00f6rderverein Gr\u00fcne Liebe e.V.<\/strong><\/h3>\n<p>Zweck des Vereins ist die F\u00f6rderung des Fu\u00dfballsports durch ideelle und finanzielle Unterst\u00fctzung der Turn- und Sportgemeinde Niederneisen e.V.<\/p>\n<p>Vorsitzender: Bernd Wagenbrenner<\/p>\n<h3><strong>Gewerbeverein Niederneisen<\/strong><\/h3>\n<p>Vorsitzender: J\u00fcrgen Lieber<\/p>\n<h3><strong>Jugend Niederneisen &amp; friends e.V.<\/strong><\/h3>\n<p>Vorsitzender: Moritz Doss<br \/>\nMail: jugend.niederneisen@gmail.com<\/p>\n<h3><strong>M\u00e4nnergesangsverein Niederneisen e.V.<\/strong><\/h3>\n<h3><strong>Gemischter Chor\u00a0<em>AARLEGRO<\/em>\u00a0im MGV Niederneisen.<\/strong><\/h3>\n<p>Der gemischte Chor AARLEGRO Niederneisen besteht seit 2007 und ist seit 2009 unter der bew\u00e4hrten Leitung von Chorleiterin Bettina Scholl. In dieser Zeit hat sich der Zusammenhalt im Chor gefestigt und das Leistungsniveau deutlich gesteigert.<\/p>\n<p>Die S\u00e4ngerinnen und S\u00e4nger von AARLEGRO legen gleicherma\u00dfen Wert auf Gemeinschaft und eine qualitativ hochwertige Probenarbeit, die die Leistungsf\u00e4higkeit des Chores weiter ausbaut. Zus\u00e4tzlich engagiert AARLEGRO die Stimmbildnerin Nadja Jamiro, die die S\u00e4ngerinnen und S\u00e4nger regelm\u00e4\u00dfig durch chorische Stimmbildung f\u00f6rdert. Den im Jahr 2018 errungenen Titel Meisterchor m\u00f6chte AARLEGRO nach Ablauf von 5 Jahren erneut anstreben.<\/p>\n<p>Der Chor ist stets offen f\u00fcr neue Stimmen in allen Stimmlagen und freut sich \u00fcber neue S\u00e4ngerinnen und S\u00e4nger, die eine Grundmusikalit\u00e4t mitbringen &#8211; wobei die F\u00e4higkeit des Notenlesens keine Voraussetzung ist. AARLEGRO hat sich auf kein musikalisches Genre festgelegt. Die Literaturliste enth\u00e4lt St\u00fccke aller Genres und Zeitepochen.<\/p>\n<p>Vorsitzender: Frank Becker<br \/>\nMail: \u00a0<span id=\"cloak8e944237adbda0719e0c93529bb29cf7\"><a href=\"mailto:info@aarlegro.de\">info@aarlegro.de<\/a><\/span><br \/>\nWeb:\u00a0<a href=\"http:\/\/www.aarlegro.de\/\">www.aarlegro.de<\/a><\/p>\n<h3><strong>Obst-, Gartenbau- und Heimatfreundeverein Niederneisen e.V.<\/strong><\/h3>\n<p><em>Der Verein bezweckt die F\u00f6rderung des landwirtschaftlichen und nebenerwerbsm\u00e4\u00dfigen Obst- und Gartenbaus und der Gartenkultur sowie die Pflege des Heimatgedankens, der Heimatgeschichte und der heimatlichen Landschaft durch freien Zusammenschluss aller an diesen Fragen interessierten Personen. Dies wird verwirklicht insbesondere durch die Pflege von Streuobstwiesen, Aufstellung von Ruheb\u00e4nken und Pflege von \u00f6ffentlichen Anlagen. Des Weiteren durch die Sicherung und Aufbewahrung von historischem Schrift- und Bildgut.<\/em><\/p>\n<p>Vorsitzender: Karl Werner J\u00fcngst<br \/>\nIm Brauner 1<br \/>\n65629 Niederneisen<br \/>\nTelefon:\u00a0 06432 61397<br \/>\nMobil: 01704139832<br \/>\nMail: \u00a0<span id=\"cloakd470446a7aa5e6b0d7e2a248113fc34f\"><a href=\"mailto:andreas@schelke.com\">kdb-juengst@t-online.de<\/a><\/span><\/p>\n<p>Web:\u00a0<a href=\"https:\/\/www.heimatfreunde-niederneisen.de\/\">www.heimatfreunde-niederneisen.de<\/a><\/p>\n<h3><strong>Reit- und Fahrverein Niederneisen e.V.<\/strong><\/h3>\n<p>Vorsitzender: Thomas Biebricher<\/p>\n<h3><strong>Turn- und Sportgemeinde e.V. Niederneisen<\/strong><\/h3>\n<p><em>Die TuS Niederneisen z\u00e4hlt \u00fcber 700 Mitglieder und bietet eine gro\u00dfe Vielfalt an Sportarten und Trainingskursen an. Der Verein besteht aus den vier Abteilungen \u201eLeichtathletik und Turnen\u201c, Seniorenfussball, Jugendfussball und Tanzen. Durch dieses breit aufgestellte Angebot ist die TuS der gr\u00f6\u00dfte Verein an der unteren Aar.<\/em><\/p>\n<p>Vorsitzender: Marcel Willig<br \/>\nMail:\u00a0<a href=\"mailto:%20tus@niederneisen.de\">\u00a0<span id=\"cloakb4b6d07c40bae3b6e8c651dbb1aded5c\"><\/span><\/a><a href=\"mailto:tus@niederneisen.de\">tus@niederneisen.de<\/a><br \/>\nWeb:\u00a0<a href=\"http:\/\/www.tus-niederneisen.de\/\">www.tus-niederneisen.de<\/a><\/p>\n<h3><strong>Verein der Freunde und F\u00f6rderer der Grundschule Niederneisen e.V.<\/strong><\/h3>\n<p>Vorsitzender: Armin Bendel<\/p>\n<h3><strong>Verein zur F\u00f6rderung der Freiwilligen Feuerwehr Niederneisen<\/strong><\/h3>\n<p>Vorsitzende: Tatjana Matthey<\/p>\n<p>&nbsp;<\/p>\n<p><u>Verb\u00e4nde\/Vereinigungen<\/u><\/p>\n<h3><strong>Landfrauen Niederneisen<\/strong><\/h3>\n<p>Ansprechpartnerin: Martina Welter<\/p>\n<p><strong>Ortsbauernverband<\/strong><\/p>\n<p>Ansprechpartner: Manfred Weis<\/p>\n<h3><strong>VdK Ortsgruppe Niederneisen, Flacht, Holzheim<\/strong><\/h3>\n<p>Ansprechpartnerin: Petra Fischer<\/p>\n<p><a href=\"mailto:%3Cspan%20id=\"><img decoding=\"async\" src=\"data:image\/png;base64,iVBORw0KGgoAAAANSUhEUgAAAbcAAAAYCAYAAAB5qrNkAAAgAElEQVR4Ae2cd1SXZ5bH3X\/27M6Z3Z3ZMzOZ2TM1M0kmk8QYY8HekCq9SJemYoNgRRTpYBdFVCzYEnuNRo0CCigWxIaIiCIqKlXpnd9nz31ffvzAaOLscWYzmd9zDv7e9tznPvd53vu97bUH+qaXgF4CegnoJaCXwA9MAj1+YPPRT0cvAb0E9BLQS0AvAfTgpt8EegnoJaCXgF4CPzgJ6MHtB7ek+gnpJaCXgF4CegnowU2\/B\/QS0EtALwG9BH5wEtCD2w9uSfUT0ktAL4FXSaCtDe7c0VBd3fSqR76X1zUauHsXnj37x+L7TQizoQHy89tobm75q8j10LQ286y8lJLSUkpLSiipqKT1O0m08LysnJqGbw7WXF\/Ds+c1tHWh0dxQQ+WzGtq7XHsTh+d3r2PN56nUthazPjSW0\/cqX5tsa1Mt5WXPaZH5V1ZQ\/ZK5fBexpuLzRMWuJudRFc\/KKqhv6Trr7r2by3NJWLSaG6WN3W98y1lLYw3lZc9o1nzLQ3KroZztSxZw6OqTFx5sp\/ZZJc+q6\/kuEi90\/MGdamoesXnxIjIeVv9t5lZ\/l\/glSzhxteS16bc21lJWWkJdc\/c3o72pjpLSMmobX\/0mKvu39BkttJC8MY4NBzK7vXOvzcQ\/2IP19RAQAElJ\/7cdXVYGw4Y1cvjwzb9q5nV1sHMn+Pho8PWFceM0RERoePr0mzrwVYTz8sDNDbKy\/nrea2vB2LiVrVtvvIr83+z6gwfg4aHh9Om\/nu83wdTFizBwYDl5eXf+KnI96gozcR31AR\/16sOnvT+hp4EBfsu387jmWybSeoNJQ02JOZj9jcHOJoXj7hPN0y53MndGMtZtIWVdrr2Jwx1z3HH+LJHK5pt49RvJ+osPX0G2lZwzJ0m\/eq9TyeenxmM2eBLX711ggtMYwvf89ZumLncHI0w8OHhqN94Dbfj8+ovgomOnvigFJyNHTtyr0V38jqPrR5dgMmgC11tbyEs\/RfrVwk7+u3Wtvs80kz5EHrnd7TI8Z4WvI95zP1cMltLblzhx8gK1HU8VXDxNyrmbvP7r+QL51z5t5cbpr8m4VvjaPd70g5ryHPyMjdh6403vwg5On1\/AwdSEuCMFr836vWMrMfjoT0xYebJbn5MrJ\/CnjwxYefxut+tdT26disPUwJfr7XVs9LPHO+yL1zBKu1L4xzwWJT9+vIa1a\/9vHkxpKbz\/fgM7dlx+bQGcPg2DBoGjYysxMZCQAJGRMHYsvPeehuPHX4\/U9etgZ9fOuXOvb+BqKQu4fvJJCwkJl7SX\/m6\/4jE6Omo4caLh7zZm14HS0+GPf3zKtWs5XS9\/53GPqlspOBiPYu3xbK5cucLX+yPp9\/EgVh7\/FpTUNPC48AEVNd9cpLR1c7F3CeFxl6Ezts1jjG0Yr2\/Tdun8LYf7wvzwnbuFZ815TBllydbs4lc8rSHB2wa\/xUc677c1VlNcVKGclz9+SMnzb86l8+FXHTw6grmlFym5TygufER106st7ZbidLxtvEi5\/\/rg1lBTTlHhUzRoWOtjg9+Soy\/npOYBc+xGsOzUgxfut1Fe\/IjHpVXK9eztCxhjFcSzjqf2B4\/DyX\/9C33+FqftxI+zYtLSY38L4q9HsyKXQFtbduf\/jTw3zS28He1Z8y2A9CKjtw\/GMnzgRwyxnUnWE9XEaCy+QJDTKPqONCF6f+6LXTrPG2sreFD4hCYa2ejvxtSFe\/9u4Hb7NuTkwKNHUFwM9fW6iIV4Rlevwv37Om+0tRWedMzvyRPIzYWWDouqvBxu3IDq6ubOuWkPBMgEEGS8rk0ASjumhBmfPFHfu5ISla+alxjmoqBv39ZQWtpMnz4N7Np1pZOkeCbCc0mJbh7am9euwTvvNLFq1XPl0uPHIGEyaQ0NzcyZA3\/5SwPPnqlvVUmJhpaWFqqqVF5KS3VOgsprO+3tumvV1SBj5OfrrqnU1X8LC+HWLaiqamLIkGbWru0OyuINiozq63UmqrBSVVVHQ0Ob0lfkKH8VFfUK0fx8NTTbdRw5ljWRdb15E9qE2Y7W3i4ybqe1Vbemd+6o41ZU6MaVx2VtXlx\/oatdf5Gf0K+re\/l8u44p++T+\/TYuXWrhgw9KuH5d520L2Mu8Zf6vaj2qbp7C2caRy5083sJzyHAi9qhCbH\/+gG0JKwldEM76A+moEFBH+oF9ZOZ39c\/UIdLXz2esexhdfZizny\/AZmwUEjS8enw\/py5lc\/HIVmJDQonfcYo6oDw3jaTNe3is3eOtj9iz8XOuFjeDpoT9XywjNCycldu\/oqwDh14Fbk3FN9i8ehGhobFsO3qJG9nH8RkxGNOxPoQuWMLJy3fJz9pHfPxiYqNiWLFtN3c7Xq6nORkcPHqKm1eSWRsRSuTyJG6WCIdqq3uYS+KyJYRHLiYxNhgjaz\/O3LhL6r4D5JSoPlF14Q3WLFlEROQSNn+xlU27j3MnJ4VJjt6cfiQTbOLE5mXsOn2rM1R772IKCyMjCYuK48ztUmWw6kc3OfblcTIvHMFnxBBMnXwJnb+Ir7LuadlRf2seMNfJiOhdX3NsQxzhIdHsSFWtnNtpxzh5Po\/q+gJiPG0YMsKaeTExxMTE4GtrgpGlK\/NCotmTekuhdSvtGNHh4UQsTOBCkfpCdx9MPSvPv0zcwhhCQxdy6ILqrWhqn\/DVrt1k377KoTVLCA1dzLFrBTzIOcm4YYNU\/kMWc+yKCsL56QeIiQwnPCqRtLxn0FLBVzu3cCbrEgcTlhC6YCGHzqtGVu7Jg5w4f5ms9H0sjdnEPTHc65\/wxdp4QkPCSNx3RtlHKnftXDl5mOjwCCKjF3Hk4n1ant1ljpMj2zLOczRxGWELYtmXoc5Z+ty9mKzIPzxqJWfyVe+u4fEtDu49RM6tC2xfEkVY1CrO5HXZ89WP2bVuNaHh0axbsRDrMQ5sTHmksJB14gCRYWFELd3A9RJVqai86f69tScMp6mBzPbzY8bKr5QbZzYuIGhGGIHTnIk6eJfneSdZtTyMyIgoIpav5HSBOn7t41wO7fqKkvZGNge4vxTc2ivusT8pmogo+Yti08lM1NerhbMHd3Hm2jUy9qwncn44Gw6d5bvs8uZmmDFDw0cftdO3r4bf\/U68CQ0pKep+PXoUevVCuffhh21ERxeh0WgUADQzayAgoJJ+\/TT89KcavL1h924YPLiN\/\/xPCTvV8eCBjgNRkEOGwKefQs+eGvz8ShQAkdyTjQ2sWaPKUcByzJhG\/P0rMDBo57\/\/W2i2I4AlTXT0vHnw85\/Dn\/7Ujq1tHW+\/3cDBjqjTqlUCTtCvn8ylmS++0BmIopStrTUEBqrG4eTJQgMMDcHSEvbsKaWqqo3evRtITlZNdw+PNiZMKMPISMNbb2l47712LlxQgUKU+uDBkN0R8MrKknnLHEWmGvz9H\/P8ue6dW7gQfvlL+MMfNNjY1PKnPzWzaZOqlwU8fXzgww819OkDo0bVkJ2tuhSLF4OTUzmWlq389Kfw5Zewfz9YWFQwfnwD77yDcj08XGeMFxWpc\/r4Yw2ffAIODpUUFqp77f59CeWCeFDSFiwQmWmUtXZ2rleAU64fPixrpcryww9biY1VZfnwIZia1uPvX6nsDeFp1Kg2ZO1e1ioqVK\/4Zz\/T0LNnM5aWDfz5z2Xk5qrvqwDw8OHQu7eGjz8GX9+nlIlV9ULrUZ2XipOpIXEHMkhPT2P3ikC8Z0Rwq0pDQ3k2c5wtMLF0wtXFFePRownekEYrZcwYNYL5Oy+8QA5eCW5O0YjPsmOWOe\/06oejkyvODvYYfNqLmduzaCpKxWKkMZvPqS9KWfpaxtj5caW4nMTpdhgMG4mj41gMh\/bBbdZm6tBwOHJSN89t2\/VKaMgnyNWC4RaOODu54Ojlw5L4eBwN+jDI0Bhry3FsPnGFkzvCGDfOg\/ETJuDhbIq5bzj3m6Dw6BL6fPAHDK0c8RzriPGAjzGavJAnGqi7fYyJRgMZYGrNWCcXvBwtGGA1hdTzp5g4ZDRJOc9oLDnHePNBDDS1YayTK+McRvGB0QRSMr4m0GMyF0paSd80F1N7V1LzK9DQTs7+OMxHGuHs5oaLgyUjrXw5XVTPk\/ObsB7tQtKX67Hro\/JvZe5G4vHr3eVeW0yISz8Gmtjh6+mOo605fQxGsebYVbbPcccjaAvl1dkEmAylj8Ew7J2dcXZ2xnTEEAYPM8RyjBMr9qWTuXcZZiONcXVzw9XWnNGO\/mR2UTjaQZ9m7sTJeDR2Y91xdXZguIkd288+hbp8fEe8Tc9h5oxzdcXBfDSDLK2JWLYMR4O+ivytxniwOS2PO5mbMRliiI2bG45WJoyP2kVJ8QMmGf6efsYO+I5zxcHaiI8GmbE17SFHF3nSe8AQ3H09cPEI4\/KdS0R622Jsoe5Nk9GGzEo4RSutnE6YRW+DgVg4jmWsgxHGPiFcvXGbcNf+fDpCeHPDYcxoeg8zZX\/ucwqPru6Uv6vI39qXM0WNNN05hlnv32BgbIOXqxM2IwbQ33o8F8vaaK\/OIcrZkE9HmOIw1gkvVwf6D7dh5\/m7XNgUiuEIM9xc3XCyMsbMI5iccq3VppUi5O4OwX5yBJmnD+HpNYsbBdcJnhBA+pUrREy2I\/LwfQpT1jPByxmf8RMY723LCFsfUu41UHF5Kyb9HMhqrefz6eNeCm4ND7KI+swZD+\/xjJ\/ojdkYY0K2ZCp7boX3QN7pMwQXZzfG2lvRt28fIvZ\/e2h+61b43e8qyM6uUBSThYUowQZqa1sVi\/\/tt5tZs6ZaUXaXLkkoqZmUlCrKytr51a9UxZ6V1UJGBvzXf0lIr5zU1ArFk\/vzn2HWLFXZiudhYNCGv\/9zxQMS5dinTxtLl6oKTEKEixapchTP8be\/VRVqZmYLOTka3n4bQkJUg0vyZD\/5SQ1HjzZSUACBgfBv\/9ZKcnI2X38tfRtISWlWeN6xQ7y0OvLz1eiKeA7vv1\/LzZtFbN4s9xoUL1JA\/Mc\/hmPH1NCogPD27So\/I0bA\/\/wPHDrUrBSAjBolAKmmS65cEZmo4FZTI8q5laCgKsR7Ew+tZ89WVq0qVwhJqPMnP6lj1646hU5oqPDdzrZtKrjNnAn9+9fw8KHqJU6ZIjm5csXjioiAHj0gNLRB8dyE\/oYN0h+Cg9sVOUho9ec\/rycvrwAxGOzshM9qKitR\/szNNUycqPIiXtq776rgJsDyq1+1ce7ccwSErl9vVjw+8b5l\/RMTaxRZSp5M1j81tQrxXgWkhw6VfGOz4tn95jewcOHLo4OzZwugP+PatRZF3mPGwM9+Vsq9e\/doahKjpx0\/vyplb4gn2L9\/GxERLwG32rtncRj8Dh9+0k\/Z4L0+6YP95CgKH1ZxNikQU5cFFDytUYR292gcFg6TuFxaQqyjDTEHurvIsioCbk4eEd1yborn5hSNBIR2BjkxdvZKHjxXrZnUdVMZ6RBNAy0k+TswcfFhZXH3xkwicPlJHmTEM3i4Pcm5qkVTffsYzoaGbM0p4diigG7gtj23BoqOMGjYcDZmqhuqsaqMmoZGNvm7E7iyS1isvY4LyUeIi4pmjtcY\/tLXkYxSKDoRj6W1G8dvq5ZY\/e2dGA534XzhY3ZGuDDMPYIHHeF+zf3DWNr7cfJcKjMsnTh44w6fR3lgPDGWRx2ecNOtXZg6+JN69hSzPScQFRqE84TZZD7osOarbhIw1oR5iWk0tLXR1lDG2gA7\/NZ8zd1L+3AyncgtWtn+2TgCV70iuF\/zkCD7AczYJIaHtHYORXpiNX4GkTMCmBq6Tbl6fWc0Tq5hqFsWDkVMxmdOknKP51n4WJmweOdlWoSPmkcs9DFn2rrT3fN8LWUsnWqFd8guKhtaaWur4+jC8djPXk9ZeRHTrUcSuud8h4fwhCAXC4KTTrAtyJeZ8SfUsYATi1352GUepUqoo4ln5RXUFd9iqkV\/wvde63iukcSZttgFLGddRADO\/tE86ogqZiYFYuw4l7zHVcreLPw6AauxU0i\/nILT6OGE78rs8IqbuX\/vNmV3c5hlP4q5n6d1eCgVhPo4EBi6hNk+tixYn05jh\/zX+Nvgt+YM5flpuJuZkpjRkfuqz8LFyIxNKXe4tieIT0f7kFXWkcFsvoGv2zhWJSbg52DH+mM3Fb6aK24T7GJC8K6rnXPXHgi4WfrOo6RFw+4wT0zNzfAK20Nb81Pm+VqwYF++8mh+djrrli4lIsCdj3sOY82ZIipv7WfsaG+uttaz\/RXgJp2rSwrYk7SB2PlzsBzaDyv\/TQq4rZ5ogWfUNrRO5a5ID8x947\/VexNvafhwnRcqCtXVVZ3\/+vUCFE3s2dOAKP8jRwQIRZlm8+RJIwJeX6nOqTIn8VhCQnSe89SpApSqZM6e1fCLX7SyenWt0ufECVUxmprm0tjYyMiRsHSp+qwA3\/vvw7596rn8Kx6Nra26y93dJV+kcxFEeX\/0kfCYzYwZ4mXWc\/x4uzKOgPePf9zC9u1qyPKLL2DAAAGPOoyNITxcDT2KQjUwaFXCnBLuGzSolrQ01UsR3kJCdLzExYlH+FxRygIAwquAZmYm\/OIXLSQmqnMUMOvbF6ys1IiLFM0YG+sSOeI1f\/ppi+K5SZhQPGZf3xoFoKWvAMLPflbCkydPiIoSWhL+1IUR4+MFTEHoSBOj4J13mjl8uFwBqd\/+VsOCBTWIrOXPyQn+\/OdCJcQqXt0HH0BaGsjc339fw+TJTUgYWNsELH\/\/+yb27lXXX7xFMTpCQq7w+HEj772n0tU+7+wMLi7fBKTGRpXP2Ngi7aOKrN59t4TCwkIlhP3WW23ExdVw7JhKUwyKYcPyus1XOveoyk3B2dKSQ3liJVVR+vQmC+wH4jl\/E5tCvellMIhhQwZiYGDAoL69+HC4A8eu32GJi91Lwe3MurnYuczrlnO7tDsCa4cIxLnfNt2DsB1nOxm\/engR1lbzFIX7OHkFYzzDefL4HvO8bNl+s4lzKyczdkZcl5DTM2KnWjB7ZxbHF32Gb7Au57btailoKtgTMwcL4wGYWDuyaksmZY0trJ\/iSsDyQ+q4VbcIn2zMYCNLJk79jIBpnowyGqeAW8GRlXhPju7MS7VUnsHd2IsTF66w0M+QkIM6oTfdPYilgwpuM21c2X0mgxBfQ6KO6Va9OmcHZg7+nL6QxizLwXzwyac4h+3qBIzWghTcTD6hz+CRDDAwwGDAQPr2fBebkG3cSNuDi7kfOe31bJriRsCKw539OgUoB5Jzsx9JXKoupPL01Aocxvsw0zeAgHAV3LK2huPoEoIaOIM9IRPxnrVeAaKW6wexHvkx\/YeOUNbaYMAgen\/0Lg4hu7rncp7fZrbTAHoOHM6gAQYYGAxgQK\/3GOwZRX5+HkFOzhx\/ovVSqlg1zZugVbtZM9Ob6XFfdrJdevsMQe62jBxlgPukUFKvldBUdptpNoZsuaLNCsLd\/fOwmzSf2M9mELpBC+7t7A1z4sO+Axmu3Zv9etHLyJWEJTE4eU3kxouptao8Am3tOXRfG2KuY32wPxPcp+BqP4h+Q7TyH0Sfnu9gHbKb+5dP4ec8iZxOHXGPWXZOrDmUxd5IO8Yt61IIUnuViV6+hM+fj4NJPwYMHd4hx4H0+uh9vJfqgF0rBAE3C685ynqUZ6yh36cj2JUr\/D1ktq8tsXsy+XLlRAaOGImH7xQCp0\/BeIQFG9KLqMz9LnDTcO\/0GsxHG2Dp6EVA4HTcbc3xCNpMG23E+Tiy\/IQuYZG8YS4OHkvQBcW0XOp+L18WhQxTprQQHt7Or3+tYf9+1YoTz+LnP29n\/Hj5k6IPlNDjkSP3KSpq5qOPUBSxltro0RAdfV97ysSJouzU0\/37NfzoR+24ubV20hLAWrPmEfX1TYgy6wpuEgqTkJi2eXpKqFI9k\/DhpEm6PLfk+Pr2bWD\/\/mylcvHdd1uVsbU8e3m1cfGiWvgk4T2hI3kkCY1qAXTdOgE9Nb8vxSa9etVSWlqqeEASsoyO1nICS5aowCAgKF6PFtwOHBAg1eDh0X2O69erRrmHBzg7dxhOEoGvlxBmM0lJl5Gc4u9\/r2HUqBYmTED5kwrO6dOfK2FNCRva2up4kCMBNwmJCh1p4sWKF7lnj5rT\/MlPJPTZnV54eIlqOBaqcxBPV9qFCwLCKnjNnt2mAHd4uOwNCclqOtdMQs9HjxZy\/766\/snJan\/519FR9RZ1V9Qj8dpFRhs26HaijCc5NwG3U6dQ9oaLS3e5rVjxUAmBd6XXmXPL6lJ8dCDUBtOpi9kWOwXzcSGcvXiFmzdvcu3qJZLTzvKosohwe+uXgtvtAzGMMLIhvVirEVrYEuyIydT1ipLcNt2d4CTdLLP2RWFlE6Lm6BrvEz7BjaC5C5jkvxQp98jdOZdh1pO5rYa9ofomU21Gsjz9vgpuXQtKrjymramZ1ro2Kp7e5VrGbowNRxFzKJsds8YR0FHQUH8mnkHGFhwt7IjxN15jgo0HKY\/h7tGVjJsQ2gnOjSWncDby5ExOHqtnWOKzNKVTfg25OzGxnah6blYuHLp0mcX+FkyO14F37fUdjLafpnhu01192XHqGH72RgRuOK16FiWX8LEZxZxVR7iec1OR88XMVM7eKCQ\/bTtjTSeS095A0lRnApZplXsnC+pBzQNm240kXlzPjnZm7XTGTp1NzEz\/Ts\/t8tYwHJxCOoF7X4gvXjM3qT1K0pTwdGRSMjduqnycP5vM2ev3u5eYNz4i1MuIcfO3kH0tR+H38qV0Ui\/mUPkgh+l2Dhy4q12sSpZPHsfc1ftZN2sc01foFHxDbRvNNXUU3LnBjuWT6Wk1hxs5N5jlYETSVZ0yOhztjeusONYsCGTOqoMd3piG48t9MHQKIk27N69lkZpxnry0HZgam\/P5RZ2BIWXzDY9vMsPejp25Wr+1mtUzJ\/FZwFx83S0Ijj\/aKf8Lmalk3CjicfZX+Dj4cKlTx+TzmY0j67+6RnKCD2bT1ulkU3URd2cPli1bhIedNSt3n1Fkk5Nzk3Pppzh\/q2uJlSpyFdxmUyDbsKWKOwWFKLqnvoCgSS6ExCbgYzuMmK+1IFBPlJcrCckFVHwnuDWxwd8Qk7kb0b7aF7aH4RmwhhbaWOnrQOwhXVHFibWzcPBcphig2j304q+UvpuYoIToFi9uIi9Pa8TAsmVi6evWrWtfKWAQy19bVShhMAnXRUbqqme7gpsowV\/+spn793Uel5aeKGcJb3UFNwHOgwe1T4CAm4RMpXl5ybF2zaVoRJRnI0eOXMHPr\/s9HQX1SIDJzEwttBg5UoMAcnCwmiP77W+bldzTBx80EBamGrxSOCPgJpWU2iY0hD8pgNCCm+TeUlMlvNfI06ddcrjaToC\/v3gjuk+bpL+ELQXcJBcoALB69Tf3lJAICtLNX0tSwE28ZaEjTQtue\/dKsYfw0k5y8svpaddPPLquTc4lx5meXs3atRo++OBFi1J9WgqCZP1PdrEFBdy0nro8pXUyxXOTHOL8+Tq5iAHxxz+q4Cbh7rfeaub27Zfz2pW\/HtW3krEc1IspEfHEx8ezONSHIb37sWz\/NYoLknE3MmVO1Cq2bNnCutULCQgO59KjJ4RZGBG6+2JXWupx5TUmmvXD0MpXoRc5YwI9\/2JAfLK6kddPtmNGok5KF3aGMNp4Ng+V4pk2Tqz04w+\/+oCw3eqL11KWzWTzQVh7BCr0ZngaY2Q3jwctrRxY4I1r4AYqm3PxGWDIlptVVF8\/wgTPAOLXJbF5bTSmhiNYm\/KYC4nTGGHozOKliRzeG4+TjTFTo1eQkJBAyERX+va250wp3Dm0BEePILR1lw1Pj2NlYMfxu8\/IPbSIoX2HEhwVR\/zqVQS6GvL2cA+SM1OYMnIMO2894fKeSIb0HUFI7EriVycwx8eBntb+pJ09xkQ7T85XwJPsLYzsPZhVx+\/QTiPHlgZgZuXNuk1bFDnHhEwhemcaOWd2YjXMlWvtkL7KT+E\/ZlECKdd1Hpoi9JoHzLT8BLup4ayOj2d5bABDBw8n7sRlPg\/2wn3WBgUUStI2Yj5kONPnL2fP11c5uyeM0cMsWBC9ihMXL7MjZgpWjpPZuHmzwkd40ESivjjX3XOjnSu7YjA3cmDZmiTluWXRM5kTt4uHRQVMNTdj9x2t1VVBrJcd05d\/TfKGAEaNdiFmyVoybt7lYPwCJn62mKSkLUQHOjDKI4zbd+4w234A9lNDlXksmefHwH5GJJ0tYl+oF5MX7+0ANyjP+woPY1NmRqxUeEhMWIz\/nBCyHlewfaYdH4+2JnJVPKvi5uE7O4qsS1nMshnDthxtKKSKZROdmLZwB8cS52Jh7c26JHXe0fMnE7njPA+yT+I2xoXznTo7Dz\/jMSw\/kkdp7n7M+\/fHb3Y08fEJhE115Pe9RrIl9TK753lj6x7I5s1b2LJ5C\/Nnj2fZoRvf8LpzPp\/NKCd\/8jvBs+N1qs3nM\/cxBCXuJWq8OQ4BoSSsWc2i+f4MfH84CacLqcjZheUgZy631pE02RHf8B0vrFMrx2TPWLmzbG0CCfGxOA0eit209bTTxhLXMYTty+p8f4+unMaYsbHf6rmJxyIeg4TA5s5tZdEiDZcuqekFUZZvvy3hqnalYEKUUGKieAUN3L8vnoYaqpQBBdwGDBAFpvvUYdw4tXhD7kuOaMgQDWZmGs6dU6vvJOeVkdGkKHZRflKSL01CZn\/4A4iS1jYp0ZfwoDQJj\/7oRxokPCiehyjUHj2aOX48S8n9\/eIXGgUoJWR45ozw3M7Tp6rRK17NX\/7SSG1trRJKnDq1kdDQVu7dgy1bVA929eqyznCY5IMEQObP13KienHCn3huUt33619L3kk9l+IaG5t2zp8Hycdt2gTnzqmmiCj0\/\/gPDZGRUrCjArbk0TZuVHWuhD7\/+EeN4rEKWB46BDt2qF605OPEeOjaxPiQ4gvhQ5oA1ltvgYRipYnXLIUt4hkJCEuu8ssvVeNFngpX+DwAAAblSURBVJUQs9wTOQlQitzFk5X8YmZmHcXFkuvUMG2aRll\/ybnJ+ufnN1BYqBYfSRhR28T40HrXZ8+qRsG1a2rERowDKTqSOUkhTP\/+4uU+5c6dOwj4iaFhaNiurJ9UmspapKZqTTjtCNCjofgGwRNssLCwwsLCnLHOE9l2NBvt98jFV08y1cMNEzNTHB08WXvoEjUtz0kKns3WM7qwho4kVBSkEz7bE\/MxpljZ+bD+aBZNHY7ckbgw1h7RvVS3UjczO2g9ZR2VoRXZB\/GbMoOMQl1pflVhGkGBDhibmOI8LYKsInWFTm9cRMzar6hpKWLptFkcL6hC01jGzhVzsDU2wdjGhcXbTiKVyi1lV4me5sJQQzs2nLtKXsYmPKxGY+M2gXVbdxE1dyFXK6D43G4iFm7ozEs1V14iZOoC0ovqQdPI6Q0x2JsYYeU8m8RNa5ixYDlZOdmsmjmX43fFcmkiNTEGR3MzHL0mE798PqZO08m4fJEVobFkdXz0mb4xFM\/P4ngg+6e1miMbl2IzxgJzc3P8\/CPJKK7m6c2vmfdZDHfaoLn8usr\/SGvik3UWtyL3+lI2hU8laIY\/LtYWWFg6sm7nOeX7teQ10cQmfqV+y9Zczp7lszAcYUjg6v1UNxaTGDyeYcPNiN53Ftqq2bsyCkszc8aYj2Ha7CWce9lHz5pGLhxOwtnGBlMzUzy9Z3L46hOaqoqICwrmTLFWW1ezY3EYq\/dcprn6FjFTXRg6ypb1GTmUPT5LsI8TpsYm2E0IIu12JW3P7jLdbihjXf1wlL3j4sPWk7cU7+h0Ygxxu9M6wU3mXZKTir+nOyamJjg4jGP13gyqZJ81PmXLogVYmppibuFGxNYMqiofs2b+XE4WaoG3jr3Lw1m+\/QK013J0g07+kwIiyXhUQ\/W980QHx3Crs4jvAXFzgtmRLoaahryjSXhammJq5cfyxI3MnTefo1cqobGMjTHzMDczx8LckhkLEsgu7STS+aoUJq9nZtRqHr14q+ERq6NmsTnzMXUFJwh0M8fUypFF63eyPCSSw1eKqSo8zXz\/aO60NXJ8ZQTLtqXqvMiOEdoai0gK9cHEyIjJYStJWrWKxQmHaaOd3THz2Jam5vTk8QsHVjMvckfnN5CdTHY5EGUlClLyK2vXyofMAixSDajGuiSPZGSkKipjY6lMFCXYgoQCRXmKEpcm4DZtmniAOs9MCkQWLNCVh0uBhVj3AlJCa\/RoDWlpakZ50iRR5Cot8cTkw2jJB2mbKEdR8Nom4UWpupRwphRbSL4oJUX9vmDXLjVcJ3yPHt3OxIkaqqrUcaQAT6o+vby0+1lL8eW\/4lGJxyVArG2StxP+5PMBAUXJZQkYSZNCDZGRAJGxcZviFZ89q44t90XOkieTykABs2nTWjh4UNW5Qk9AVEKNxsYahg1rY\/ly1dAQI2TWLHUM7b8C\/hLC1H7GIJ9x2NvrvGkJB4r3LFWRIu\/hw9vZuVOlJ8\/K+gmQ3LolwKICk3jQcXFtiMcqTQqFxLuV+0JDilQePGihrEyj9BfA0zbhXapYpYlR0bu3gLz6aZZ451KZamAgVZZSeCK8VVJQoDpIkmcVOcp6yjiGhhpOntTJTTuG\/r\/f0kriTf1qNGja29X4b3sDJ+InM9ptLvd0efhuI+le526X\/ylP2kquM9lqFEnZWgD6pxTD93bSkr+aO1fHnhQXSCHCqVO6HKnu7j\/WkTYs9iLX4pGKwnZykoILEKAMCdEQFKRRKhVffP7\/47zrd3NvYnz5fOO7WpfP4L7r0f+3+3pwe8Oir8w5hNOYIfTtNwCDQf3pb+nMF6fzu3kcb3jIHwy51idX8TLsx2r5rEDfvlcSEMtevn\/6l3\/R4Oqqel4SovzXf5UQYbsSUpOwWlKSGuqSUJEcyzXtde2x9vzF+13Ptc9I2Ez+ut6T4xfPv4u20NDy1LWv9BNPa9s23f2utMSzkzCcfLf27\/+ulthLSf3w4c2sWNHaOT9tn5fx1nW8rsfSR85fNkftPeG5K99d+8ux3BPeZQ7ae\/KrPX4VX1r62vvac6En\/Ai9F+9pz4X2q+Ql97rKumsf7bH8vsjjy\/jV8vHis9r+WrlpeZVK2K5ND25dpfFGjlspyM\/h4sWLXLh8maeqZ\/9GKP8zECkuyPvW0Ng\/gwy+j3OUb4tF0cuH11qlIyE3CXeJQuyquH5ox6LIZe6Sg9P+yblWqf7Q5vuPOh89uH0fNYeeJ70E9BLQS0AvgTcqAb3n9kbFqSeml4BeAnoJ6CXwfZCAHty+D6ug50EvAb0E9BLQS+CNSkAPbm9UnHpiegnoJaCXgF4C3wcJ6MHt+7AKeh70EtBLQC8BvQTeqAT+F3QKItYb50T\/AAAAAElFTkSuQmCC\" width=\"530\" height=\"30\" \/><\/a><\/p>\n","protected":false},"excerpt":{"rendered":"<p>Wie sagte einst schon Friedrich Schiller?\u00a0\u00bbGesang und Liebe in sch\u00f6nem Verein. Sie erhalten dem Leben den Jugendschein.\u00ab Selbstverst\u00e4ndlich verf\u00fcgt auch die Ortsgemeinde Niederneisen \u00fcber ein reichhaltiges Angebot an\u00a0sch\u00f6nen\u00a0Vereinen sowie  [&#8230;]<\/p>\n","protected":false},"author":2,"featured_media":0,"parent":0,"menu_order":0,"comment_status":"closed","ping_status":"closed","template":"","meta":{"footnotes":""},"class_list":["post-1523","page","type-page","status-publish","hentry"],"_links":{"self":[{"href":"https:\/\/niederneisen.de\/index.php\/wp-json\/wp\/v2\/pages\/1523","targetHints":{"allow":["GET"]}}],"collection":[{"href":"https:\/\/niederneisen.de\/index.php\/wp-json\/wp\/v2\/pages"}],"about":[{"href":"https:\/\/niederneisen.de\/index.php\/wp-json\/wp\/v2\/types\/page"}],"author":[{"embeddable":true,"href":"https:\/\/niederneisen.de\/index.php\/wp-json\/wp\/v2\/users\/2"}],"replies":[{"embeddable":true,"href":"https:\/\/niederneisen.de\/index.php\/wp-json\/wp\/v2\/comments?post=1523"}],"version-history":[{"count":5,"href":"https:\/\/niederneisen.de\/index.php\/wp-json\/wp\/v2\/pages\/1523\/revisions"}],"predecessor-version":[{"id":1943,"href":"https:\/\/niederneisen.de\/index.php\/wp-json\/wp\/v2\/pages\/1523\/revisions\/1943"}],"wp:attachment":[{"href":"https:\/\/niederneisen.de\/index.php\/wp-json\/wp\/v2\/media?parent=1523"}],"curies":[{"name":"wp","href":"https:\/\/api.w.org\/{rel}","templated":true}]}}