{"id":1486,"date":"2024-02-25T22:47:20","date_gmt":"2024-02-25T21:47:20","guid":{"rendered":"http:\/\/gemeinde5.niederneisen.de\/?page_id=1486"},"modified":"2024-03-02T14:33:33","modified_gmt":"2024-03-02T13:33:33","slug":"abfallentsorgung","status":"publish","type":"page","link":"https:\/\/niederneisen.de\/index.php\/abfallentsorgung\/","title":{"rendered":"Abfallentsorgung"},"content":{"rendered":"<p><a href=\"http:\/\/www.rhein-lahn-kreis-abfallwirtschaft.de\/\" target=\"_blank\" rel=\"noopener noreferrer\"><img class=\"lazyload\" decoding=\"async\" src=\"data:image\/svg+xml,%3Csvg%20xmlns%3D%27http%3A%2F%2Fwww.w3.org%2F2000%2Fsvg%27%20width%3D%27433%27%20height%3D%27395%27%20viewBox%3D%270%200%20433%20395%27%3E%3Crect%20width%3D%27433%27%20height%3D%27395%27%20fill-opacity%3D%220%22%2F%3E%3C%2Fsvg%3E\" data-orig-src=\"https:\/\/niederneisen.de\/images\/BildAbfallwirtschaft.png\" alt=\"\" width=\"433\" height=\"395\" \/><\/a><\/p>\n<p><strong>Verkaufsstellen f\u00fcr Abfalls\u00e4cke:<\/strong><\/p>\n<p>B\u00fcrgerb\u00fcro Hahnst\u00e4tten<br \/>\nAustra\u00dfe 4<br \/>\n65623 Hahnst\u00e4tten<\/p>\n<p>Tel.: (0 64 86) 91 79 0<\/p>\n","protected":false},"excerpt":{"rendered":"<p>Verkaufsstellen f\u00fcr Abfalls\u00e4cke: B\u00fcrgerb\u00fcro Hahnst\u00e4tten Austra\u00dfe 4 65623 Hahnst\u00e4tten Tel.: (0 64 86) 91 79 0<\/p>\n","protected":false},"author":2,"featured_media":0,"parent":0,"menu_order":0,"comment_status":"closed","ping_status":"closed","template":"","meta":{"footnotes":""},"class_list":["post-1486","page","type-page","status-publish","hentry"],"_links":{"self":[{"href":"https:\/\/niederneisen.de\/index.php\/wp-json\/wp\/v2\/pages\/1486","targetHints":{"allow":["GET"]}}],"collection":[{"href":"https:\/\/niederneisen.de\/index.php\/wp-json\/wp\/v2\/pages"}],"about":[{"href":"https:\/\/niederneisen.de\/index.php\/wp-json\/wp\/v2\/types\/page"}],"author":[{"embeddable":true,"href":"https:\/\/niederneisen.de\/index.php\/wp-json\/wp\/v2\/users\/2"}],"replies":[{"embeddable":true,"href":"https:\/\/niederneisen.de\/index.php\/wp-json\/wp\/v2\/comments?post=1486"}],"version-history":[{"count":4,"href":"https:\/\/niederneisen.de\/index.php\/wp-json\/wp\/v2\/pages\/1486\/revisions"}],"predecessor-version":[{"id":1646,"href":"https:\/\/niederneisen.de\/index.php\/wp-json\/wp\/v2\/pages\/1486\/revisions\/1646"}],"wp:attachment":[{"href":"https:\/\/niederneisen.de\/index.php\/wp-json\/wp\/v2\/media?parent=1486"}],"curies":[{"name":"wp","href":"https:\/\/api.w.org\/{rel}","templated":true}]}}

<p><a href="http://www.rhein-lahn-kreis-abfallwirtschaft.de/" target="_blank" rel="noopener noreferrer"><img class="lazyload" decoding="async" src="data:image/svg+xml,%3Csvg%20xmlns%3D%27http%3A%2F%2Fwww.w3.org%2F2000%2Fsvg%27%20width%3D%27433%27%20height%3D%27395%27%20viewBox%3D%270%200%20433%20395%27%3E%3Crect%20width%3D%27433%27%20height%3D%27395%27%20fill-opacity%3D%220%22%2F%3E%3C%2Fsvg%3E" data-orig-src="https://niederneisen.de/images/BildAbfallwirtschaft.png" alt="" width="433" height="395" /></a></p>
<p><strong>Verkaufsstellen für Abfallsäcke:</strong></p>
<p>Bürgerbüro Hahnstätten<br />
Austraße 4<br />
65623 Hahnstätten</p>
<p>Tel.: (0 64 86) 91 79 0</p>

<p>Verkaufsstellen für Abfallsäcke: Bürgerbüro Hahnstätten Austraße 4 65623 Hahnstätten Tel.: (0 64 86) 91 79 0</p>
