{"id":1412,"date":"2024-07-25T08:08:47","date_gmt":"2024-07-25T06:08:47","guid":{"rendered":"http:\/\/gemeinde5.niederneisen.de\/?page_id=1412"},"modified":"2026-03-30T15:55:10","modified_gmt":"2026-03-30T13:55:10","slug":"gemeinderat","status":"publish","type":"page","link":"https:\/\/niederneisen.de\/index.php\/gemeinderat\/","title":{"rendered":"Gemeinderat"},"content":{"rendered":"<p>Der Gemeinderat in Niederneisen besteht aus 16 Ratsmitgliedern, die bei der Kommunalwahl am 26. Juni 2024 in<br \/>\neiner personalisierten Verh\u00e4ltniswahl gew\u00e4hlt wurden und dem ehrenamtlichen Ortsb\u00fcrgermeister als Vorsitzendem.<\/p>\n<h3>Ortsb\u00fcrgermeister<\/h3>\n<p>Armin Bendel (CDU)<\/p>\n<h3>Beigeordnete<\/h3>\n<p>1. Beigeordnete Martina Welter (CDU)<br \/>\n2. Beigeordneter Bernd Wagenbrenner (FWG)<br \/>\n3. Beigeordneter Carsten Jansing (B\u00fcndnis 90 \/ Die Gr\u00fcnen)<\/p>\n<h3>CDU (8 Sitze)<\/h3>\n<p>Martina Welter (Fraktionsvorsitzende)<br \/>\nChristoph Michel<br \/>\nNatascha Habke<br \/>\nJ\u00fcrgen Lieber<br \/>\nDesiree Lieber<br \/>\nLeif Weisenfeld<br \/>\nJennifer Schmidt<br \/>\nMarcel Willig<\/p>\n<h3>B\u00fcndnis 90 \/ Die Gr\u00fcnen (2 Sitze)<\/h3>\n<p>Anke H\u00e4nsel-Siraf (Fraktionsvorsitzende)<br \/>\nCarsten Jansing (stellv. Fraktionsvorsitzender)<\/p>\n<h3>FWG Niederneisen (6 Sitze)<\/h3>\n<p>Andereas Schlau (Fraktionsvorsitzender)<br \/>\nBernd Wagenbrenner (stellv. Fraktionsvorsitzender)<br \/>\nMichaela Siekmann<br \/>\nSascha Kreckel<br \/>\nMarkus Heimann<br \/>\nBj\u00f6rn Wilhelm<\/p>\n","protected":false},"excerpt":{"rendered":"<p>Der Gemeinderat in Niederneisen besteht aus 16 Ratsmitgliedern, die bei der Kommunalwahl am 26. Juni 2024 in einer personalisierten Verh\u00e4ltniswahl gew\u00e4hlt wurden und dem ehrenamtlichen Ortsb\u00fcrgermeister als Vorsitzendem. Ortsb\u00fcrgermeister  [&#8230;]<\/p>\n","protected":false},"author":2,"featured_media":0,"parent":0,"menu_order":0,"comment_status":"closed","ping_status":"closed","template":"","meta":{"footnotes":""},"class_list":["post-1412","page","type-page","status-publish","hentry"],"_links":{"self":[{"href":"https:\/\/niederneisen.de\/index.php\/wp-json\/wp\/v2\/pages\/1412","targetHints":{"allow":["GET"]}}],"collection":[{"href":"https:\/\/niederneisen.de\/index.php\/wp-json\/wp\/v2\/pages"}],"about":[{"href":"https:\/\/niederneisen.de\/index.php\/wp-json\/wp\/v2\/types\/page"}],"author":[{"embeddable":true,"href":"https:\/\/niederneisen.de\/index.php\/wp-json\/wp\/v2\/users\/2"}],"replies":[{"embeddable":true,"href":"https:\/\/niederneisen.de\/index.php\/wp-json\/wp\/v2\/comments?post=1412"}],"version-history":[{"count":7,"href":"https:\/\/niederneisen.de\/index.php\/wp-json\/wp\/v2\/pages\/1412\/revisions"}],"predecessor-version":[{"id":2090,"href":"https:\/\/niederneisen.de\/index.php\/wp-json\/wp\/v2\/pages\/1412\/revisions\/2090"}],"wp:attachment":[{"href":"https:\/\/niederneisen.de\/index.php\/wp-json\/wp\/v2\/media?parent=1412"}],"curies":[{"name":"wp","href":"https:\/\/api.w.org\/{rel}","templated":true}]}}