{"id":1327,"date":"2024-02-24T21:58:09","date_gmt":"2024-02-24T20:58:09","guid":{"rendered":"http:\/\/gemeinde5.niederneisen.de\/?page_id=1327"},"modified":"2024-03-02T14:06:10","modified_gmt":"2024-03-02T13:06:10","slug":"trinkwasser","status":"publish","type":"page","link":"https:\/\/niederneisen.de\/index.php\/trinkwasser\/","title":{"rendered":"Trinkwasser"},"content":{"rendered":"<h4><strong>Unser Trinkwasser &#8211; Lebensmittel Nr. 1<\/strong><\/h4>\n<p><strong>Unser Trinkwasser ist eines der am besten kontrollierten Lebensmittel und von erstklassiger Qualit\u00e4t.<\/strong><\/p>\n<p>Das ist auch wichtig, denn die Zufuhr von Wasser ist f\u00fcr unseren K\u00f6rper lebensnotwendig \u2013 das Trinken von Leitungswasser bietet viele Vorteile.<\/p>\n<p>Trinkwasser ist ein idealer Durstl\u00f6scher f\u00fcr Jung und Alt, f\u00fcr S\u00e4uglinge, Schwangere und Stillende, f\u00fcr Freizeitsportler und beim Abnehmen.<br \/>\nEs ist ein Qualit\u00e4tsprodukt, liefert keine Kalorien und macht regelm\u00e4\u00dfiges Trinken durch seine unbegrenzte Verf\u00fcgbarkeit und Frische ganz einfach.<\/p>\n<p>Das Lebensmittel Nr. 1 ist zudem noch preiswert, nachhaltig und nahezu \u00fcberall verf\u00fcgbar.<\/p>\n<p>Das Wasser aus dem Hahn l\u00f6scht nicht nur unseren Durst \u2013 es wird in vielen Bereichen des t\u00e4glichen Lebens verwendet: f\u00fcr die Zubereitung von Speisen und Getr\u00e4nken, zum Duschen oder Baden, zum W\u00e4sche- und Autowaschen, zur Geschirreinigung, zur Toilettensp\u00fclung und anderen Lebensbereichen im Haushalt. Jeder von uns verbraucht t\u00e4glich rund 123 Liter Wasser aus dem Hahn. Der gr\u00f6\u00dfte Teil davon wird f\u00fcr die K\u00f6rperpflege ben\u00f6tigt.<\/p>\n<p><a title=\"Trinkwasserverwendung im Haushalr\" href=\"https:\/\/niederneisen.de\/files\/Trinkwasser\/WasserverwendungGrafik.png\" target=\"_blank\" rel=\"noopener noreferrer\"><img class=\"lazyload\" decoding=\"async\" src=\"data:image\/svg+xml,%3Csvg%20xmlns%3D%27http%3A%2F%2Fwww.w3.org%2F2000%2Fsvg%27%20width%3D%27339%27%20height%3D%27238%27%20viewBox%3D%270%200%20339%20238%27%3E%3Crect%20width%3D%27339%27%20height%3D%27238%27%20fill-opacity%3D%220%22%2F%3E%3C%2Fsvg%3E\" data-orig-src=\"https:\/\/niederneisen.de\/images\/WasserverwendungGrafik.png\" alt=\"Wasserverwendung im Haushalt\" width=\"339\" height=\"238\" \/><\/a><\/p>\n<p>&nbsp;<\/p>\n<p>Damit wir Wasser im Haushalt und zum Trinken nutzen k\u00f6nnen, wird es gef\u00f6rdert, gereinigt und gegebenenfalls anschlie\u00dfend aufbereitet.<br \/>\nZiel der Wasserversorgung ist, ein m\u00f6glichst nat\u00fcrliches und gleichzeitig qualitativ einwandfreies Trinkwasser bis zum Wasserz\u00e4hler zu liefern.<\/p>\n<p>Unser Trinkwasser muss jederzeit rein und frei von Krankheitserregern sein.<\/p>\n<p>Rechtlich abgesichert ist dies in der Trinkwasserverordnung, die Grenzwerte und Bestimmungen f\u00fcr die zahlreichen Inhaltsstoffe festlegt.<\/p>\n<p>Die Wasserversorgungsunternehmen und auch die\u00a0Gesundheits\u00e4mter gew\u00e4hrleisten durch sorgf\u00e4ltige Pr\u00fcfungen und Kontrollen die Einhaltung dieser Grenzwerte.<\/p>\n<p>Die Grenzen sind so gesetzt, dass der t\u00e4gliche Trinkwassergenuss lebenslang gesundheitlich unbedenklich ist.<\/p>\n<p>Und so funktioniert das Ganze bei uns in Niederneisen:<\/p>\n<p>Unser Wasserversorgungssystem<\/p>\n<p><a href=\"https:\/\/niederneisen.de\/files\/Trinkwasser\/Systemskizze%20Wasserversorgung.png\" target=\"_blank\" rel=\"noopener noreferrer\"><img class=\"lazyload\" decoding=\"async\" title=\"Linke Maustaste um Bild zu \u00f6ffnen\" src=\"data:image\/svg+xml,%3Csvg%20xmlns%3D%27http%3A%2F%2Fwww.w3.org%2F2000%2Fsvg%27%20width%3D%27356%27%20height%3D%27183%27%20viewBox%3D%270%200%20356%20183%27%3E%3Crect%20width%3D%27356%27%20height%3D%27183%27%20fill-opacity%3D%220%22%2F%3E%3C%2Fsvg%3E\" data-orig-src=\"https:\/\/niederneisen.de\/images\/Systemskizze_Wasserversorgung.png\" width=\"356\" height=\"183\" \/><\/a><\/p>\n<p>Die Lage unserer, Quellen, Hochbeh\u00e4lter, Tiefenbohrungen, Mischwassersammelbeh\u00e4lter\u00a0und unseres Pumpwerkes<\/p>\n<p><a href=\"https:\/\/niederneisen.de\/files\/Trinkwasser\/%C3%9Cbersichtskarte%20Wasserversorgung.png\" target=\"_blank\" rel=\"noopener noreferrer\"><img class=\"lazyload\" decoding=\"async\" title=\"Linke Maustaste um Bild zu \u00f6ffnen\" src=\"data:image\/svg+xml,%3Csvg%20xmlns%3D%27http%3A%2F%2Fwww.w3.org%2F2000%2Fsvg%27%20width%3D%27357%27%20height%3D%27176%27%20viewBox%3D%270%200%20357%20176%27%3E%3Crect%20width%3D%27357%27%20height%3D%27176%27%20fill-opacity%3D%220%22%2F%3E%3C%2Fsvg%3E\" data-orig-src=\"https:\/\/niederneisen.de\/images\/bersichtskarte_Wasserversorgung.png\" width=\"357\" height=\"176\" \/><\/a><\/p>\n<p>&nbsp;<\/p>\n<p>Unsere Wasserschutzgebiete<\/p>\n<table style=\"border-collapse: collapse; width: 100%;\">\n<tbody>\n<tr>\n<td style=\"width: 50%;\"><a href=\"https:\/\/niederneisen.de\/files\/Trinkwasser\/Wasserschutzgebiete.png\" target=\"_blank\" rel=\"noopener noreferrer\"><img class=\"lazyload\" decoding=\"async\" title=\"Linke Maustaste um Bild zu \u00f6ffnen\" src=\"data:image\/svg+xml,%3Csvg%20xmlns%3D%27http%3A%2F%2Fwww.w3.org%2F2000%2Fsvg%27%20width%3D%27353%27%20height%3D%27184%27%20viewBox%3D%270%200%20353%20184%27%3E%3Crect%20width%3D%27353%27%20height%3D%27184%27%20fill-opacity%3D%220%22%2F%3E%3C%2Fsvg%3E\" data-orig-src=\"https:\/\/niederneisen.de\/images\/Wasserschutzgebiete.png\" width=\"353\" height=\"184\" \/><\/a><\/td>\n<td style=\"width: 50%;\"><span style=\"font-weight: bold;\">oder mit einem KLICK zum\u00a0<\/span><strong><a href=\"https:\/\/wasserportal.rlp-umwelt.de\/servlet\/is\/2025\/\" target=\"_blank\" rel=\"noopener noreferrer\">Wasser-Portal Rheinland-Pfalz<\/a><\/strong><\/td>\n<\/tr>\n<\/tbody>\n<\/table>\n<p>Auf der Seite der\u00a0<a href=\"https:\/\/www.vg-aar-einrich.de\/rathaus-vg\/vg-werke\/\" target=\"_blank\" rel=\"noopener noreferrer\">Verbandsgemeindewerke der Verbandsgemeinde Aar-Einrich<\/a>. finden Sie Informationen zu:<\/p>\n<ul>\n<li>Entgelte Wasserversorgung \/ Abwasserbeseitigung Verbandsgemeinde Aar-Einrich<\/li>\n<li>Trinkwasseruntersuchungsergebnisse<\/li>\n<li>Die betreffenden Satzungen<\/li>\n<li>Vordrucke und Antr\u00e4ge<\/li>\n<\/ul>\n","protected":false},"excerpt":{"rendered":"<p>Unser Trinkwasser &#8211; Lebensmittel Nr. 1 Unser Trinkwasser ist eines der am besten kontrollierten Lebensmittel und von erstklassiger Qualit\u00e4t. Das ist auch wichtig, denn die Zufuhr von Wasser ist  [&#8230;]<\/p>\n","protected":false},"author":2,"featured_media":0,"parent":0,"menu_order":0,"comment_status":"closed","ping_status":"closed","template":"","meta":{"footnotes":""},"class_list":["post-1327","page","type-page","status-publish","hentry"],"_links":{"self":[{"href":"https:\/\/niederneisen.de\/index.php\/wp-json\/wp\/v2\/pages\/1327","targetHints":{"allow":["GET"]}}],"collection":[{"href":"https:\/\/niederneisen.de\/index.php\/wp-json\/wp\/v2\/pages"}],"about":[{"href":"https:\/\/niederneisen.de\/index.php\/wp-json\/wp\/v2\/types\/page"}],"author":[{"embeddable":true,"href":"https:\/\/niederneisen.de\/index.php\/wp-json\/wp\/v2\/users\/2"}],"replies":[{"embeddable":true,"href":"https:\/\/niederneisen.de\/index.php\/wp-json\/wp\/v2\/comments?post=1327"}],"version-history":[{"count":3,"href":"https:\/\/niederneisen.de\/index.php\/wp-json\/wp\/v2\/pages\/1327\/revisions"}],"predecessor-version":[{"id":1331,"href":"https:\/\/niederneisen.de\/index.php\/wp-json\/wp\/v2\/pages\/1327\/revisions\/1331"}],"wp:attachment":[{"href":"https:\/\/niederneisen.de\/index.php\/wp-json\/wp\/v2\/media?parent=1327"}],"curies":[{"name":"wp","href":"https:\/\/api.w.org\/{rel}","templated":true}]}}