{"id":1315,"date":"2024-12-24T21:48:02","date_gmt":"2024-12-24T20:48:02","guid":{"rendered":"http:\/\/gemeinde5.niederneisen.de\/?page_id=1315"},"modified":"2026-01-29T10:37:48","modified_gmt":"2026-01-29T09:37:48","slug":"satzungen","status":"publish","type":"page","link":"https:\/\/niederneisen.de\/index.php\/satzungen\/","title":{"rendered":"Satzungen"},"content":{"rendered":"<h2><span style=\"font-size: 12pt; font-family: arial, helvetica, sans-serif;\">Friedhofssatzung<\/span><\/h2>\n<p style=\"padding-left: 60px;\"><span style=\"font-family: arial, helvetica, sans-serif;\"><span style=\"font-size: 12pt;\"><a href=\"https:\/\/niederneisen.de\/files\/Satzung\/Friedhofssatzung_20100316.pdf\" target=\"_blank\" rel=\"noopener noreferrer\">\u00bb Friedhofssatzung<\/a><br \/>\n<\/span><span style=\"font-size: 12pt;\"><a href=\"https:\/\/niederneisen.de\/files\/Satzung\/Friedhofssatzung_1_Aenderung-2012.pdf\" target=\"_blank\" rel=\"noopener noreferrer\">\u00bb 1. \u00c4nderung Friedhofssatzung Flacht &#8211; Niederneisen<\/a><br \/>\n<a href=\"https:\/\/www.vg-aar-einrich.de\/ortsgemeinden\/niederneisen\/2024-01-01-friedhofsgebuehrensatzung-flacht-niederneisen.pdf?cid=1r6s\" target=\"_blank\" rel=\"noopener\">\u00bb Friedhofsgeb\u00fchrensatzung<\/a><br \/>\n<\/span><\/span><\/p>\n<p><strong><span style=\"font-size: 12pt; font-family: arial, helvetica, sans-serif;\">Hauptsatzung<\/span><\/strong><\/p>\n<p style=\"padding-left: 60px;\"><span style=\"font-size: 12pt; font-family: arial, helvetica, sans-serif;\"><a href=\"https:\/\/niederneisen.de\/files\/Satzung\/Hauptsatzung_20190813.pdf\" target=\"_blank\" rel=\"noopener noreferrer\">\u00bb<\/a><a href=\"https:\/\/www.vg-aar-einrich.de\/ortsgemeinden\/niederneisen\/hauptsatzung-niederneisen.pdf?cid=1sud\" target=\"_blank\" rel=\"noopener\"> Hauptsatzung<\/a><br \/>\n<\/span><span style=\"font-size: 12pt; font-family: arial, helvetica, sans-serif;\"><a href=\"https:\/\/niederneisen.de\/files\/Satzung\/Hauptsatzung_20190813.pdf\" target=\"_blank\" rel=\"noopener noreferrer\">\u00bb<\/a> <a href=\"https:\/\/www.vg-aar-einrich.de\/ortsgemeinden\/niederneisen\/2024-1.aenderung-hauptsatzung-ogniederneisen.pdf?cid=1tmj\" target=\"_blank\" rel=\"noopener\">1. \u00c4nderung Hauptsatzung<\/a><\/span><\/p>\n<p><span style=\"font-family: arial, helvetica, sans-serif;\"><strong><span style=\"font-size: 12pt;\">Haushaltssatzungen<\/span><\/strong><\/span><\/p>\n<div style=\"padding-left: 60px; text-align: left;\"><span style=\"font-family: arial, helvetica, sans-serif; font-size: 12pt;\"><a href=\"https:\/\/niederneisen.de\/files\/Satzung\/Haushaltssatzung_mit_Haushaltsplan2022.pdf\" target=\"_blank\" rel=\"noopener noreferrer\">\u00bb Haushaltssatzung mit Haushaltsplan 2022<\/a><\/span><\/div>\n<div style=\"padding-left: 60px; text-align: left;\"><span style=\"font-size: 12pt; font-family: arial, helvetica, sans-serif;\"><a href=\"https:\/\/niederneisen.de\/files\/Satzung\/Haushaltssatzung_mit_Haushaltsplan2023.pdf\" target=\"_blank\" rel=\"noopener noreferrer\">\u00bb Haushaltssatzung mit Haushaltsplan 2023<\/a><\/span><\/div>\n<div style=\"padding-left: 60px; text-align: left;\"><a href=\"https:\/\/niederneisen.de\/files\/Satzung\/Haushaltssatzung_mit_Haushaltsplan2024.pdf\"><span style=\"font-family: arial, helvetica, sans-serif;\">\u00bb Haushaltssatzung mit Haushaltsplan 2024<\/span><\/a><\/div>\n<div style=\"padding-left: 60px; text-align: left;\"><a href=\"https:\/\/niederneisen.de\/wp-content\/uploads\/2026\/01\/Haushaltssatzung_mit_Haushaltsplan2025.pdf\" target=\"_blank\" rel=\"noopener\"><span style=\"font-family: arial, helvetica, sans-serif;\">\u00bb Haushaltssatzung mit Haushaltsplan 2025<\/span><\/a><\/div>\n<div style=\"padding-left: 60px; text-align: left;\"><a href=\"https:\/\/niederneisen.de\/wp-content\/uploads\/2026\/01\/Haushaltssatzung_mit_Haushaltsplan2026.pdf\" target=\"_blank\" rel=\"noopener\"><span style=\"font-family: arial, helvetica, sans-serif;\">\u00bb Haushaltssatzung mit Haushaltsplan 2026<\/span><\/a><\/div>\n<div style=\"padding-left: 60px; text-align: left;\"><a href=\"https:\/\/niederneisen.de\/wp-content\/uploads\/2026\/01\/20260119_Einbringungsrede-Haushalt2026_komplett.pdf\" target=\"_blank\" rel=\"noopener\"><span style=\"font-family: arial, helvetica, sans-serif;\">\u00bb Einbringungsrede des B\u00fcrgermeisters zum Haushaltsplan 2026<\/span><\/a><\/div>\n<div style=\"text-align: left;\"><\/div>\n<div><strong><span style=\"font-size: 12pt; font-family: arial, helvetica, sans-serif;\">Satzung der Jagdgenossenschaft Niederneisen<\/span><\/strong><\/div>\n<p style=\"padding-left: 60px;\"><span style=\"font-size: 12pt; font-family: arial, helvetica, sans-serif;\"><a href=\"files\/Satzung\/Haushaltssatzung_mit_Haushaltsplan2020_kurz.pdf\" target=\"_blank\" rel=\"noopener noreferrer\">\u00bb<\/a>\u00a0<a href=\"https:\/\/niederneisen.de\/files\/Satzung\/Satzung%20der%20Jagdgenossenschaft%20Niederneisen.pdf\" target=\"_blank\" rel=\"noopener noreferrer\">Satzung der Jagdgenossenschaft Niederneisen<\/a><\/span><\/p>\n<p><span style=\"font-family: arial, helvetica, sans-serif;\">\u00a0<strong><span style=\"font-size: 12pt;\">Satzung Benutzung Wald- und Feldwege<\/span><\/strong><\/span><\/p>\n<p style=\"padding-left: 60px;\"><span style=\"font-family: arial, helvetica, sans-serif;\"><a href=\"https:\/\/niederneisen.de\/files\/Satzung\/Feld_und_Waldwege_Satzung.pdf\" target=\"_blank\" rel=\"noopener noreferrer\"><span style=\"font-size: 12pt;\">\u00bb Fel<\/span><span style=\"font-size: 12pt;\">d- und\u00a0<\/span><span style=\"font-size: 12pt;\">Waldwegesatzung<\/span><\/a><\/span><\/p>\n<p><span style=\"font-family: arial, helvetica, sans-serif;\"><strong>\u00a0<\/strong><span style=\"font-size: 12pt;\"><strong>Satzung \u00fcber die Reinigung \u00f6ffentlicher Stra\u00dfen<\/strong><br \/>\n<\/span><\/span><\/p>\n<p style=\"padding-left: 60px;\"><span style=\"font-family: arial, helvetica, sans-serif;\"><a href=\"https:\/\/niederneisen.de\/files\/Satzung\/Stra\u00dfenreinigungssatzung%20OG%20Niederneisen.pdf\" target=\"_blank\" rel=\"noopener noreferrer\"><span style=\"font-size: 12pt;\">\u00bb Stra\u00dfenreinigungssatzung<\/span><\/a><\/span><\/p>\n<p><strong><span style=\"font-size: 12pt; font-family: arial, helvetica, sans-serif;\">Erschlie\u00dfungsbeitragssatzung<\/span><\/strong><\/p>\n<p style=\"padding-left: 60px;\"><span style=\"font-size: 12pt; font-family: arial, helvetica, sans-serif;\"><a href=\"https:\/\/niederneisen.de\/files\/Satzung\/Erschlie\u00dfungsbeitragssstazung.pdf\" target=\"_blank\" rel=\"noopener noreferrer\">\u00bb Erschlie\u00dfungsbeitragsssatzung<\/a><\/span><\/p>\n<p style=\"padding-left: 60px;\"><span style=\"font-size: 12pt; font-family: arial, helvetica, sans-serif;\"><a href=\"https:\/\/niederneisen.de\/files\/Satzung\/Erschlie\u00dfungsbeitragssatzung_1_Aenderung-2012.pdf\" target=\"_blank\" rel=\"noopener noreferrer\">\u00bb 1. \u00c4nderung Erschlie\u00dfungsbeitragssatzung<\/a><\/span><\/p>\n<p><strong><span style=\"font-size: 12pt; font-family: arial, helvetica, sans-serif;\">Hundesteuersatzung<\/span><\/strong><\/p>\n<p style=\"padding-left: 60px;\"><span style=\"font-size: 12pt; font-family: arial, helvetica, sans-serif;\"><a href=\"https:\/\/niederneisen.de\/files\/Satzung\/Hundesteuersatzung-Niederneisen.pdf\" target=\"_blank\" rel=\"noopener noreferrer\">\u00bb<\/a><a href=\"https:\/\/niederneisen.de\/files\/Satzung\/Hundesteuersatzung-Niederneisen.pdf\" target=\"_blank\" rel=\"noopener noreferrer\">\u00a0Hundesteuersatzung<\/a><\/span><\/p>\n<p><strong><span style=\"font-family: arial, helvetica, sans-serif;\">Gefahrenabwehrverordnung der VG Aar-Einrich<\/span><\/strong><\/p>\n<p style=\"padding-left: 40px;\"><span style=\"font-family: arial, helvetica, sans-serif;\"><a href=\"https:\/\/niederneisen.de\/wp-content\/uploads\/2025\/01\/Gefahrenabwehrverordnung-der-VG.pdf\" target=\"_blank\" rel=\"noopener\">Gefahrenabwehrverordnung der VG<\/a><\/span><\/p>\n","protected":false},"excerpt":{"rendered":"<p>Friedhofssatzung \u00bb Friedhofssatzung \u00bb 1. \u00c4nderung Friedhofssatzung Flacht &#8211; Niederneisen \u00bb Friedhofsgeb\u00fchrensatzung Hauptsatzung \u00bb Hauptsatzung \u00bb 1. \u00c4nderung Hauptsatzung Haushaltssatzungen \u00bb Haushaltssatzung mit Haushaltsplan 2022 \u00bb Haushaltssatzung mit Haushaltsplan  [&#8230;]<\/p>\n","protected":false},"author":2,"featured_media":0,"parent":0,"menu_order":0,"comment_status":"closed","ping_status":"closed","template":"","meta":{"footnotes":""},"class_list":["post-1315","page","type-page","status-publish","hentry"],"_links":{"self":[{"href":"https:\/\/niederneisen.de\/index.php\/wp-json\/wp\/v2\/pages\/1315","targetHints":{"allow":["GET"]}}],"collection":[{"href":"https:\/\/niederneisen.de\/index.php\/wp-json\/wp\/v2\/pages"}],"about":[{"href":"https:\/\/niederneisen.de\/index.php\/wp-json\/wp\/v2\/types\/page"}],"author":[{"embeddable":true,"href":"https:\/\/niederneisen.de\/index.php\/wp-json\/wp\/v2\/users\/2"}],"replies":[{"embeddable":true,"href":"https:\/\/niederneisen.de\/index.php\/wp-json\/wp\/v2\/comments?post=1315"}],"version-history":[{"count":19,"href":"https:\/\/niederneisen.de\/index.php\/wp-json\/wp\/v2\/pages\/1315\/revisions"}],"predecessor-version":[{"id":2000,"href":"https:\/\/niederneisen.de\/index.php\/wp-json\/wp\/v2\/pages\/1315\/revisions\/2000"}],"wp:attachment":[{"href":"https:\/\/niederneisen.de\/index.php\/wp-json\/wp\/v2\/media?parent=1315"}],"curies":[{"name":"wp","href":"https:\/\/api.w.org\/{rel}","templated":true}]}}